{"id":343,"date":"2025-09-09T07:50:21","date_gmt":"2025-09-09T07:50:21","guid":{"rendered":"https:\/\/www.neustartfinanz.com\/?page_id=343"},"modified":"2025-09-26T18:43:26","modified_gmt":"2025-09-26T18:43:26","slug":"yurtdisi-seyahat-sigortasi","status":"publish","type":"page","link":"https:\/\/www.neustartfinanz.com\/index.php\/yurtdisi-seyahat-sigortasi\/","title":{"rendered":"Yurtd\u0131\u015f\u0131 Seyahat Sa\u011fl\u0131k Sigortas\u0131"},"content":{"rendered":"<p class=\"ds-markdown-paragraph\" style=\"text-align: justify;\"><span style=\"color: #000000;\"><strong>Yurtd\u0131\u015f\u0131 Seyahat Sa\u011fl\u0131k Sigortas\u0131: Seyahat \u00d6zg\u00fcrl\u00fc\u011f\u00fcn\u00fcz, Sa\u011fl\u0131k Endi\u015felerinize Tak\u0131lmas\u0131n<\/strong><\/span><\/p>\n<p class=\"ds-markdown-paragraph\" style=\"text-align: justify;\"><span style=\"color: #000000;\">Almanya&#8217;da kurdu\u011funuz yeni hayat, Avrupa&#8217;n\u0131n ve d\u00fcnyan\u0131n kap\u0131lar\u0131n\u0131 aral\u0131yor. Memleket hasretiyle \u00e7\u0131kaca\u011f\u0131n\u0131z o yolculuk, doyas\u0131ya gezece\u011finiz bir tatil ya da i\u015f i\u00e7in gidece\u011finiz \u00f6nemli bir seyahat&#8230; Ancak yurtd\u0131\u015f\u0131nda kar\u015f\u0131la\u015fabilece\u011finiz beklenmedik bir sa\u011fl\u0131k sorunu, bu g\u00fczel anlar\u0131 g\u00f6lgeleyebilir ve sizi y\u00fcksek maliyetlerle ba\u015f ba\u015fa b\u0131rakabilir.<\/span><\/p>\n<p class=\"ds-markdown-paragraph\" style=\"text-align: justify;\"><span style=\"color: #000000;\">Yurtd\u0131\u015f\u0131 Seyahat Sa\u011fl\u0131k Sigortas\u0131, sizin i\u00e7in sadece bir poli\u00e7e de\u011fil, yan\u0131n\u0131zda ta\u015f\u0131d\u0131\u011f\u0131n\u0131z bir g\u00fcvencedir. Seyahat heyecan\u0131n\u0131z, sa\u011fl\u0131k endi\u015feleriyle yar\u0131da kalmas\u0131n. Biz, sizin i\u00e7iniz rahat olsun diye buraday\u0131z.<\/span><\/p>\n<p class=\"ds-markdown-paragraph\" style=\"text-align: justify;\"><span style=\"color: #000000;\"><strong>Neden Yurtd\u0131\u015f\u0131 Seyahat Sa\u011fl\u0131k Sigortas\u0131 Sizin \u0130\u00e7in \u00d6nemli?<\/strong><\/span><\/p>\n<ul style=\"text-align: justify;\">\n<li>\n<p class=\"ds-markdown-paragraph\"><span style=\"color: #000000;\"><strong>Kapsaml\u0131 Sa\u011fl\u0131k G\u00fcvencesi:<\/strong>\u00a0Yurtd\u0131\u015f\u0131nda ani bir hastal\u0131k veya kaza durumunda ambulans, hastane, ila\u00e7 ve tedavi masraflar\u0131n\u0131z kar\u015f\u0131lans\u0131n.<\/span><\/p>\n<\/li>\n<li>\n<p class=\"ds-markdown-paragraph\"><span style=\"color: #000000;\"><strong>Seyahat Aksamalar\u0131na Kar\u015f\u0131 Koruma:<\/strong>\u00a0Bagaj kayb\u0131, u\u00e7u\u015f iptali veya ertelenmesi gibi seyahat aksakl\u0131klar\u0131nda maddi kay\u0131plar\u0131n\u0131z g\u00fcvence alt\u0131nda olsun.<\/span><\/p>\n<\/li>\n<li>\n<p class=\"ds-markdown-paragraph\"><span style=\"color: #000000;\"><strong>Huzur ve G\u00fcven:<\/strong>\u00a0Seyahatinizin keyfini, i\u00e7iniz rahat bir \u015fekilde \u00e7\u0131kar\u0131n. O anlara odaklan\u0131n, endi\u015felere de\u011fil.<\/span><\/p>\n<\/li>\n<\/ul>\n<p class=\"ds-markdown-paragraph\" style=\"text-align: justify;\"><span style=\"color: #000000;\"><strong>\u00d6zg\u00fcrl\u00fc\u011f\u00fcn\u00fcz\u00fc K\u0131s\u0131tlamayan Tek \u015eey, Hayal G\u00fcc\u00fcn\u00fcz Olsun.<\/strong><\/span><\/p>\n<p class=\"ds-markdown-paragraph\" style=\"text-align: justify;\"><span style=\"color: #000000;\">Gezmek, ke\u015ffetmek ve sevdiklerinize kucak a\u00e7mak i\u00e7in \u00e7\u0131kt\u0131\u011f\u0131n\u0131z yolda, yan\u0131n\u0131zda g\u00fcvence olmas\u0131 sizi \u00f6zg\u00fcr k\u0131lar. K\u00fc\u00e7\u00fck bir prim, b\u00fcy\u00fck bir finansal y\u00fckten sizi korur.<\/span><\/p>\n<p class=\"ds-markdown-paragraph\" style=\"text-align: justify;\"><span style=\"color: #000000;\"><strong>Seyahat planlar\u0131n\u0131z\u0131 ertelemeyin. Hemen teklif al\u0131n, d\u00fcnyay\u0131 ke\u015ffetme hayallerinizi g\u00fcvence alt\u0131na al\u0131n. Uzman dan\u0131\u015fmanlar\u0131m\u0131z, sizin i\u00e7in en uygun seyahat sigortas\u0131 paketini se\u00e7meniz i\u00e7in yan\u0131n\u0131zda.<\/strong><\/span><\/p>\n","protected":false},"excerpt":{"rendered":"<p>Yurtd\u0131\u015f\u0131 Seyahat Sa\u011fl\u0131k Sigortas\u0131: Seyahat \u00d6zg\u00fcrl\u00fc\u011f\u00fcn\u00fcz, Sa\u011fl\u0131k Endi\u015felerinize Tak\u0131lmas\u0131n Almanya&#8217;da kurdu\u011funuz yeni hayat, Avrupa&#8217;n\u0131n ve d\u00fcnyan\u0131n kap\u0131lar\u0131n\u0131 aral\u0131yor. Memleket hasretiyle \u00e7\u0131kaca\u011f\u0131n\u0131z o yolculuk, doyas\u0131ya gezece\u011finiz bir tatil ya da i\u015f i\u00e7in gidece\u011finiz \u00f6nemli bir seyahat&#8230; Ancak yurtd\u0131\u015f\u0131nda kar\u015f\u0131la\u015fabilece\u011finiz beklenmedik bir sa\u011fl\u0131k sorunu, bu g\u00fczel anlar\u0131 g\u00f6lgeleyebilir ve sizi y\u00fcksek maliyetlerle ba\u015f ba\u015fa b\u0131rakabilir. Yurtd\u0131\u015f\u0131 Seyahat&nbsp;&hellip;<\/p>\n","protected":false},"author":1,"featured_media":488,"parent":0,"menu_order":0,"comment_status":"closed","ping_status":"closed","template":"","meta":{"footnotes":""},"class_list":["post-343","page","type-page","status-publish","has-post-thumbnail","hentry"],"_links":{"self":[{"href":"https:\/\/www.neustartfinanz.com\/index.php\/wp-json\/wp\/v2\/pages\/343","targetHints":{"allow":["GET"]}}],"collection":[{"href":"https:\/\/www.neustartfinanz.com\/index.php\/wp-json\/wp\/v2\/pages"}],"about":[{"href":"https:\/\/www.neustartfinanz.com\/index.php\/wp-json\/wp\/v2\/types\/page"}],"author":[{"embeddable":true,"href":"https:\/\/www.neustartfinanz.com\/index.php\/wp-json\/wp\/v2\/users\/1"}],"replies":[{"embeddable":true,"href":"https:\/\/www.neustartfinanz.com\/index.php\/wp-json\/wp\/v2\/comments?post=343"}],"version-history":[{"count":3,"href":"https:\/\/www.neustartfinanz.com\/index.php\/wp-json\/wp\/v2\/pages\/343\/revisions"}],"predecessor-version":[{"id":513,"href":"https:\/\/www.neustartfinanz.com\/index.php\/wp-json\/wp\/v2\/pages\/343\/revisions\/513"}],"wp:featuredmedia":[{"embeddable":true,"href":"https:\/\/www.neustartfinanz.com\/index.php\/wp-json\/wp\/v2\/media\/488"}],"wp:attachment":[{"href":"https:\/\/www.neustartfinanz.com\/index.php\/wp-json\/wp\/v2\/media?parent=343"}],"curies":[{"name":"wp","href":"https:\/\/api.w.org\/{rel}","templated":true}]}}