{"id":28,"date":"2025-07-23T09:23:13","date_gmt":"2025-07-23T09:23:13","guid":{"rendered":"http:\/\/www.neustartfinanz.com\/?page_id=28"},"modified":"2025-07-23T09:23:13","modified_gmt":"2025-07-23T09:23:13","slug":"felsefemiz","status":"publish","type":"page","link":"https:\/\/www.neustartfinanz.com\/index.php\/felsefemiz\/","title":{"rendered":"Felsefemiz"},"content":{"rendered":"<p style=\"text-align: justify;\"><span style=\"color: #000000;\">Yeni bir \u00fclkeye ad\u0131m atmak cesaret ister. Bildi\u011finiz sokaklar\u0131, dost sesleri, al\u0131\u015fkanl\u0131klar\u0131 geride b\u0131rak\u0131p Almanya\u2019da yeni bir ya\u015fam kurmaya karar vermek, b\u00fcy\u00fck bir de\u011fi\u015fimin ba\u015flang\u0131c\u0131d\u0131r. <strong>Neustart Finanz<\/strong> olarak, bu yolculu\u011fun ne kadar zorlu ama bir o kadar da umut dolu oldu\u011funu \u00e7ok iyi biliyoruz. Tam da bu nedenle, yaln\u0131zca finansal \u00fcr\u00fcnler sunan bir firma de\u011fil, ayn\u0131 zamanda sizinle birlikte d\u00fc\u015f\u00fcnen, sizinle birlikte hareket eden bir yol arkada\u015f\u0131 olmak istiyoruz.<\/span><\/p>\n<p style=\"text-align: justify;\"><span style=\"color: #000000;\">Bizim i\u015fimiz yaln\u0131zca kredi vermek ya da sigorta poli\u00e7esi d\u00fczenlemek de\u011fil \u2014 sizin Almanya\u2019daki yeni hayat\u0131n\u0131z\u0131 g\u00fcvenle kurabilmeniz i\u00e7in sizi anlamak, ihtiya\u00e7lar\u0131n\u0131z\u0131 do\u011fru analiz etmek ve sizi en do\u011fru \u00e7\u00f6z\u00fcmlerle bulu\u015fturmak. Gelece\u011finizi \u015fekillendirmek, aileniz i\u00e7in g\u00fc\u00e7l\u00fc bir temel atmak, kariyerinizde sa\u011flam ad\u0131mlarla ilerlemek istiyorsan\u0131z, biz burada, sizin i\u00e7in var\u0131z.<\/span><\/p>\n<p style=\"text-align: justify;\"><span style=\"color: #000000;\">Neustart Finanz, her m\u00fc\u015fterisinin hik\u00e2yesini kendi hik\u00e2yesi gibi sahiplenir. Kar\u015f\u0131la\u015fabilece\u011finiz sorunlar\u0131 \u00f6nceden g\u00f6rmeye \u00e7al\u0131\u015f\u0131r, karma\u015f\u0131k finansal s\u00fcre\u00e7leri anla\u015f\u0131l\u0131r hale getirir ve en uygun \u015fartlarda \u00e7\u00f6z\u00fcm \u00fcretir. \u00c7\u00fcnk\u00fc biz sadece yeni bir hayata finansal destek vermiyoruz; ayn\u0131 zamanda o hayat\u0131n huzurlu, g\u00fcvenli ve umut dolu olmas\u0131 i\u00e7in sizinle birlikte \u00e7al\u0131\u015f\u0131yoruz.<\/span><\/p>\n","protected":false},"excerpt":{"rendered":"<p>Yeni bir \u00fclkeye ad\u0131m atmak cesaret ister. Bildi\u011finiz sokaklar\u0131, dost sesleri, al\u0131\u015fkanl\u0131klar\u0131 geride b\u0131rak\u0131p Almanya\u2019da yeni bir ya\u015fam kurmaya karar vermek, b\u00fcy\u00fck bir de\u011fi\u015fimin ba\u015flang\u0131c\u0131d\u0131r. Neustart Finanz olarak, bu yolculu\u011fun ne kadar zorlu ama bir o kadar da umut dolu oldu\u011funu \u00e7ok iyi biliyoruz. Tam da bu nedenle, yaln\u0131zca finansal \u00fcr\u00fcnler sunan bir firma de\u011fil,&nbsp;&hellip;<\/p>\n","protected":false},"author":1,"featured_media":0,"parent":0,"menu_order":0,"comment_status":"closed","ping_status":"closed","template":"","meta":{"footnotes":""},"class_list":["post-28","page","type-page","status-publish","hentry"],"_links":{"self":[{"href":"https:\/\/www.neustartfinanz.com\/index.php\/wp-json\/wp\/v2\/pages\/28","targetHints":{"allow":["GET"]}}],"collection":[{"href":"https:\/\/www.neustartfinanz.com\/index.php\/wp-json\/wp\/v2\/pages"}],"about":[{"href":"https:\/\/www.neustartfinanz.com\/index.php\/wp-json\/wp\/v2\/types\/page"}],"author":[{"embeddable":true,"href":"https:\/\/www.neustartfinanz.com\/index.php\/wp-json\/wp\/v2\/users\/1"}],"replies":[{"embeddable":true,"href":"https:\/\/www.neustartfinanz.com\/index.php\/wp-json\/wp\/v2\/comments?post=28"}],"version-history":[{"count":1,"href":"https:\/\/www.neustartfinanz.com\/index.php\/wp-json\/wp\/v2\/pages\/28\/revisions"}],"predecessor-version":[{"id":29,"href":"https:\/\/www.neustartfinanz.com\/index.php\/wp-json\/wp\/v2\/pages\/28\/revisions\/29"}],"wp:attachment":[{"href":"https:\/\/www.neustartfinanz.com\/index.php\/wp-json\/wp\/v2\/media?parent=28"}],"curies":[{"name":"wp","href":"https:\/\/api.w.org\/{rel}","templated":true}]}}