{"id":159,"date":"2025-09-05T19:29:32","date_gmt":"2025-09-05T19:29:32","guid":{"rendered":"https:\/\/www.neustartfinanz.com\/?page_id=159"},"modified":"2025-10-08T18:11:32","modified_gmt":"2025-10-08T18:11:32","slug":"hukuki-koruma-sigortasi-rechtsschutzversichherung","status":"publish","type":"page","link":"https:\/\/www.neustartfinanz.com\/index.php\/hukuki-koruma-sigortasi-rechtsschutzversichherung\/","title":{"rendered":"Hukuki Koruma Sigortas\u0131 (Rechtsschutzversichherung)"},"content":{"rendered":"<p class=\"ds-markdown-paragraph\" style=\"text-align: justify;\"><span style=\"color: #000000;\">Almanya&#8217;n\u0131n kapsaml\u0131 ve karma\u015f\u0131k hukuk sistemi i\u00e7inde, beklenmedik bir anla\u015fmazl\u0131k veya hukuki uyu\u015fmazl\u0131k herkesin ba\u015f\u0131na gelebilir. Hukuki Koruma Sigortas\u0131, bu gibi durumlarda size finansal g\u00fcvence sa\u011flayan, avukat masraflar\u0131, mahkeme har\u00e7lar\u0131, bilirki\u015fi \u00fccretleri ve di\u011fer t\u00fcm hukuki giderleri kar\u015f\u0131layan hayati bir sigorta t\u00fcr\u00fcd\u00fcr. Bir trafik kazas\u0131nda haklar\u0131n\u0131z\u0131 aramaktan, bir i\u015f anla\u015fmazl\u0131\u011f\u0131na veya ev kiras\u0131yla ilgili bir uyu\u015fmazl\u0131\u011fa kadar geni\u015f bir yelpazede hukuki deste\u011fe eri\u015fim imkan\u0131 sunar.<\/span><\/p>\n<p class=\"ds-markdown-paragraph\" style=\"text-align: justify;\"><span style=\"color: #000000;\"><strong>\u00d6nemi:<\/strong>\u00a0Almanya&#8217;da hukuki s\u00fcre\u00e7ler son derece pahal\u0131 olabilir ve k\u00fc\u00e7\u00fck bir anla\u015fmazl\u0131k bile binlerce Euro&#8217;ya mal olabilir. Bu sigorta, maddi kayg\u0131lar nedeniyle hakk\u0131n\u0131z\u0131 aramaktan vazge\u00e7mek zorunda kalmaman\u0131z i\u00e7in bir g\u00fcvence sunar. Sigorta, hukuki durumunuzu \u00f6nceden de\u011ferlendirir ve hakl\u0131 oldu\u011funuzu d\u00fc\u015f\u00fcnd\u00fc\u011f\u00fc davalarda size destek olur. Bu, \u00f6zellikle dil bariyeri ve sisteme yabanc\u0131l\u0131k gibi ek zorluklarla kar\u015f\u0131la\u015fabilen expatlar i\u00e7in b\u00fcy\u00fck bir rahatl\u0131k ve g\u00fcvenlik a\u011f\u0131 sa\u011flar.<\/span><\/p>\n<p class=\"ds-markdown-paragraph\" style=\"text-align: justify;\"><span style=\"color: #000000;\"><strong>Kimler Bu Sigortay\u0131 Yapt\u0131rmal\u0131d\u0131r?<\/strong><\/span><br \/><span style=\"color: #000000;\">Hukuki Koruma Sigortas\u0131, \u00f6zellikle a\u015fa\u011f\u0131daki gruplar i\u00e7in son derece faydal\u0131d\u0131r:<\/span><\/p>\n<ul style=\"text-align: justify;\">\n<li>\n<p class=\"ds-markdown-paragraph\"><span style=\"color: #000000;\"><strong>\u00c7al\u0131\u015fanlar<\/strong>\u00a0(i\u015f hukuku anla\u015fmazl\u0131klar\u0131 i\u00e7in),<\/span><\/p>\n<\/li>\n<li>\n<p class=\"ds-markdown-paragraph\"><span style=\"color: #000000;\"><strong>Ev sahipleri ve kirac\u0131lar<\/strong>\u00a0(kira hukuku uyu\u015fmazl\u0131klar\u0131 i\u00e7in),<\/span><\/p>\n<\/li>\n<li>\n<p class=\"ds-markdown-paragraph\"><span style=\"color: #000000;\"><strong>Ara\u00e7 sahipleri<\/strong>\u00a0(trafik hukuku ile ilgili davalar i\u00e7in),<\/span><\/p>\n<\/li>\n<li>\n<p class=\"ds-markdown-paragraph\"><span style=\"color: #000000;\"><strong>Aileler<\/strong>\u00a0(aile hukuku ile ilgili konularda),<\/span><\/p>\n<\/li>\n<li>\n<p class=\"ds-markdown-paragraph\"><span style=\"color: #000000;\"><strong>T\u00fcketiciler<\/strong>\u00a0(sat\u0131n ald\u0131klar\u0131 mal ve hizmetlerle ilgili anla\u015fmazl\u0131klarda).<\/span><\/p>\n<\/li>\n<\/ul>\n<p class=\"ds-markdown-paragraph\" style=\"text-align: justify;\"><span style=\"color: #000000;\">Sigorta genellikle \u00f6zel (\u00f6rne\u011fin, trafik, i\u015f, konut) ve mesleki alanlar i\u00e7in ayr\u0131 mod\u00fcller halinde sunulur, b\u00f6ylece ihtiyac\u0131n\u0131z olan alanlarda \u00f6zelle\u015ftirilmi\u015f bir koruma paketi olu\u015fturabilirsiniz. Yeni bir poli\u00e7e al\u0131rken genellikle bir\u00a0<strong>bekleme s\u00fcresi<\/strong>\u00a0(Wartezeit) oldu\u011funu unutmamak \u00f6nemlidir; bu nedenle, bir sorun \u00e7\u0131kmadan \u00f6nce sigortay\u0131 yapt\u0131rmak en ak\u0131ll\u0131ca harekettir. Almanya&#8217;da hukuki g\u00fcvence, finansal istikrar\u0131n ve haklar\u0131n\u0131z\u0131 koruman\u0131n \u00f6nemli bir par\u00e7as\u0131d\u0131r.<\/span><\/p>\n<p><span style=\"color: #000000;\"><strong>7\/24 HUKUK\u0130 DESTEK<\/strong><\/span><\/p>\n<p><span style=\"color: #000000;\"><strong><em>Telefonla Hukuk Dan\u0131\u015fmanl\u0131\u011f\u0131:<\/em><\/strong> \u0130sterseniz sizi telefonla dan\u0131\u015fmanl\u0131kta uzman bir avukata y\u00f6nlendiriyoruz. 7 g\u00fcn 24 saat ula\u015f\u0131labilir.<\/span><\/p>\n<p><span style=\"color: #000000;\"><strong><em>Online Hukuk Dan\u0131\u015fmanl\u0131\u011f\u0131:<\/em>\u00a0<\/strong> 7\/24 \u00e7evrimi\u00e7i dan\u0131\u015fmanl\u0131k, 08.00-24.00 aras\u0131 canl\u0131 sohbet, belgelerinizi y\u00fckleyebilirsiniz.<\/span><\/p>\n<p><span style=\"color: #000000;\"><strong>T\u00dcM YA\u015eAM ALANLARINDA HUKUK\u0130 DANI\u015eMANLIK<\/strong><\/span><\/p>\n<p><span style=\"color: #000000;\"><em><strong>Hareketlilik ve Seyahat (Trafik Alan\u0131nda)<\/strong><\/em><\/span><\/p>\n<ul>\n<li><span style=\"color: #000000;\">Ceza Hesaplay\u0131c\u0131<\/span><\/li>\n<li><span style=\"color: #000000;\">Ceza Kontrol\u00fc<\/span><\/li>\n<li><span style=\"color: #000000;\">Puan Sorgulama<\/span><\/li>\n<li><span style=\"color: #000000;\">Kimlik Koruma (internet izleme, itibar y\u00f6netimi, acil hat, PhishBlock\u00ae, DataScrambler\u00a9, psikolojik destek)<\/span><\/li>\n<\/ul>\n<p><span style=\"color: #000000;\"><em><strong>\u0130nternette G\u00fcvenlik<\/strong><\/em><\/span><\/p>\n<ul>\n<li><span style=\"color: #000000;\">Belge Olu\u015fturucu ve Kontrol\u00fc<\/span><\/li>\n<li><span style=\"color: #000000;\">\u0130\u015ften \u00c7\u0131karma \/ Uyar\u0131 \/ Tazminat Kontrolleri<\/span><\/li>\n<li><span style=\"color: #000000;\">\u0130\u015f ve Ticaret<\/span><\/li>\n<li><span style=\"color: #000000;\">Website ve AGB Kontrol\u00fc<\/span><\/li>\n<\/ul>\n<p><span style=\"color: #000000;\"><strong><em>Konut ve Gayrimenkul<\/em><\/strong><\/span><\/p>\n<ul>\n<li><span style=\"color: #000000;\">Ek Masraf ve Tadilat Kontrol\u00fc<\/span><\/li>\n<li><span style=\"color: #000000;\">Kira Kusuru Kontrol\u00fc<\/span><\/li>\n<li><span style=\"color: #000000;\">Firma G\u00fcvenilirli\u011fi ve Teslim Tutana\u011f\u0131<\/span><\/li>\n<\/ul>\n<p><span style=\"color: #000000;\"><em><strong>S\u00f6zle\u015fmelerle \u0130lgili Hizmetler<\/strong><\/em><\/span><\/p>\n<ul>\n<li><span style=\"color: #000000;\">Online S\u00f6zle\u015fme Kontrol\u00fc<\/span><\/li>\n<li><span style=\"color: #000000;\">Form Hizmeti (\u00f6rnek s\u00f6zle\u015fmeler, dilek\u00e7eler, kontrol listeleri)<\/span><\/li>\n<\/ul>\n<p><span style=\"color: #000000;\"><em><strong>Vorsorge ve Emeklilik<\/strong><\/em><\/span><\/p>\n<ul>\n<li><span style=\"color: #000000;\">Vekaletname ve Hasta Talimat\u0131 Olu\u015fturma<\/span><\/li>\n<li><span style=\"color: #000000;\">Vasiyetname Haz\u0131rlama<\/span><\/li>\n<li><span style=\"color: #000000;\">Giri\u015fimci Vekaleti (Avukat Onayl\u0131)<\/span><\/li>\n<\/ul>\n<p><span style=\"color: #000000;\"><em><strong>Seyahat Haklar\u0131<\/strong><\/em><\/span><\/p>\n<ul>\n<li><span style=\"color: #000000;\">U\u00e7u\u015f Yolcu Haklar\u0131 (gecikme, iptal)<\/span><\/li>\n<li><span style=\"color: #000000;\">Seyahat Kusuru Yard\u0131m\u0131<\/span><\/li>\n<\/ul>\n\n\n<p><\/p>\n","protected":false},"excerpt":{"rendered":"<p>Almanya&#8217;n\u0131n kapsaml\u0131 ve karma\u015f\u0131k hukuk sistemi i\u00e7inde, beklenmedik bir anla\u015fmazl\u0131k veya hukuki uyu\u015fmazl\u0131k herkesin ba\u015f\u0131na gelebilir. Hukuki Koruma Sigortas\u0131, bu gibi durumlarda size finansal g\u00fcvence sa\u011flayan, avukat masraflar\u0131, mahkeme har\u00e7lar\u0131, bilirki\u015fi \u00fccretleri ve di\u011fer t\u00fcm hukuki giderleri kar\u015f\u0131layan hayati bir sigorta t\u00fcr\u00fcd\u00fcr. Bir trafik kazas\u0131nda haklar\u0131n\u0131z\u0131 aramaktan, bir i\u015f anla\u015fmazl\u0131\u011f\u0131na veya ev kiras\u0131yla ilgili bir&nbsp;&hellip;<\/p>\n","protected":false},"author":1,"featured_media":0,"parent":0,"menu_order":0,"comment_status":"closed","ping_status":"closed","template":"","meta":{"footnotes":""},"class_list":["post-159","page","type-page","status-publish","hentry"],"_links":{"self":[{"href":"https:\/\/www.neustartfinanz.com\/index.php\/wp-json\/wp\/v2\/pages\/159","targetHints":{"allow":["GET"]}}],"collection":[{"href":"https:\/\/www.neustartfinanz.com\/index.php\/wp-json\/wp\/v2\/pages"}],"about":[{"href":"https:\/\/www.neustartfinanz.com\/index.php\/wp-json\/wp\/v2\/types\/page"}],"author":[{"embeddable":true,"href":"https:\/\/www.neustartfinanz.com\/index.php\/wp-json\/wp\/v2\/users\/1"}],"replies":[{"embeddable":true,"href":"https:\/\/www.neustartfinanz.com\/index.php\/wp-json\/wp\/v2\/comments?post=159"}],"version-history":[{"count":5,"href":"https:\/\/www.neustartfinanz.com\/index.php\/wp-json\/wp\/v2\/pages\/159\/revisions"}],"predecessor-version":[{"id":531,"href":"https:\/\/www.neustartfinanz.com\/index.php\/wp-json\/wp\/v2\/pages\/159\/revisions\/531"}],"wp:attachment":[{"href":"https:\/\/www.neustartfinanz.com\/index.php\/wp-json\/wp\/v2\/media?parent=159"}],"curies":[{"name":"wp","href":"https:\/\/api.w.org\/{rel}","templated":true}]}}