{"id":125,"date":"2025-09-05T18:03:54","date_gmt":"2025-09-05T18:03:54","guid":{"rendered":"https:\/\/www.neustartfinanz.com\/?page_id=125"},"modified":"2025-09-09T12:36:45","modified_gmt":"2025-09-09T12:36:45","slug":"tasarruf-speichern","status":"publish","type":"page","link":"https:\/\/www.neustartfinanz.com\/index.php\/tasarruf-speichern\/","title":{"rendered":"Tasarruf (Speichern)"},"content":{"rendered":"<ol>\n<li><span style=\"color: #000000;\">Devlet Destekli Tasarruf Fonlar\u0131<\/span>\n<ul>\n<li><span style=\"color: #000000;\">Emeklilik Odakl\u0131 Fonlar<\/span><\/li>\n<li><span style=\"color: #000000;\">Verm\u00f6gensaufbau<\/span><\/li>\n<li><span style=\"color: #000000;\">Vergi Avantajl\u0131 Yat\u0131r\u0131m Ara\u00e7lar\u0131<\/span><\/li>\n<\/ul>\n<\/li>\n<li><span style=\"color: #000000;\">Hisse Senetleri ve Yat\u0131r\u0131m Fonlar\u0131<\/span><\/li>\n<li><span style=\"color: #000000;\">Vadesiz Hesap (Girokonto)<\/span><\/li>\n<li><span style=\"color: #000000;\">Tasarruf Hesaplar\u0131 (Sparkonto)<\/span><\/li>\n<li><span style=\"color: #000000;\">Alternatif Avantajl\u0131 Yat\u0131r\u0131mlar<\/span>\n<ul>\n<li><span style=\"color: #000000;\">Alt\u0131n<\/span><\/li>\n<li><span style=\"color: #000000;\">Fon<\/span><\/li>\n<li><span style=\"color: #000000;\">G\u00fcm\u00fc\u015f ve Di\u011fer De\u011ferli Metaller<\/span><\/li>\n<\/ul>\n<\/li>\n<\/ol>\n","protected":false},"excerpt":{"rendered":"<p>Devlet Destekli Tasarruf Fonlar\u0131 Emeklilik Odakl\u0131 Fonlar Verm\u00f6gensaufbau Vergi Avantajl\u0131 Yat\u0131r\u0131m Ara\u00e7lar\u0131 Hisse Senetleri ve Yat\u0131r\u0131m Fonlar\u0131 Vadesiz Hesap (Girokonto) Tasarruf Hesaplar\u0131 (Sparkonto) Alternatif Avantajl\u0131 Yat\u0131r\u0131mlar Alt\u0131n Fon G\u00fcm\u00fc\u015f ve Di\u011fer De\u011ferli Metaller<\/p>\n","protected":false},"author":1,"featured_media":0,"parent":0,"menu_order":0,"comment_status":"closed","ping_status":"closed","template":"","meta":{"footnotes":""},"class_list":["post-125","page","type-page","status-publish","hentry"],"_links":{"self":[{"href":"https:\/\/www.neustartfinanz.com\/index.php\/wp-json\/wp\/v2\/pages\/125","targetHints":{"allow":["GET"]}}],"collection":[{"href":"https:\/\/www.neustartfinanz.com\/index.php\/wp-json\/wp\/v2\/pages"}],"about":[{"href":"https:\/\/www.neustartfinanz.com\/index.php\/wp-json\/wp\/v2\/types\/page"}],"author":[{"embeddable":true,"href":"https:\/\/www.neustartfinanz.com\/index.php\/wp-json\/wp\/v2\/users\/1"}],"replies":[{"embeddable":true,"href":"https:\/\/www.neustartfinanz.com\/index.php\/wp-json\/wp\/v2\/comments?post=125"}],"version-history":[{"count":3,"href":"https:\/\/www.neustartfinanz.com\/index.php\/wp-json\/wp\/v2\/pages\/125\/revisions"}],"predecessor-version":[{"id":389,"href":"https:\/\/www.neustartfinanz.com\/index.php\/wp-json\/wp\/v2\/pages\/125\/revisions\/389"}],"wp:attachment":[{"href":"https:\/\/www.neustartfinanz.com\/index.php\/wp-json\/wp\/v2\/media?parent=125"}],"curies":[{"name":"wp","href":"https:\/\/api.w.org\/{rel}","templated":true}]}}